 3*a + 16795. What are the prime factors of h?
2, 839
Let b(z) = -17292*z**3 - z**2 - 5*z - 3. List the prime factors of b(-1).
17293
Let a be (-124)/(-10) + 1 + (-7)/5. Suppose -j + 0*v + 3*v + 31 = 0, 0 = 3*v + a. Suppose -j*i = -21*i + 208. What are the prime factors of i?
2, 13
Let o(p) = p**3 - 9*p**2 + 13*p - 38. Let r be o(8). Suppose -r*c = 3*u - 446, c + 4 = u + 227. List the prime factors of c.
223
Let c(f) = f - 5. Let q be c(32). Suppose 18*v - q*v = -2232. What are the prime factors of v?
2, 31
Let l = 47 - 45. Let j be (-5)/(l/(-328)*-4). Let i = j - -356. What are the prime factors of i?
151
Suppose -16*j + 44 - 12 = 0. Let i be 5/1 + (-3 - -2). Suppose 2*v + 2*z = 160, j*v + i*z = -3*v + 397. What are the prime factors of v?
7, 11
Let b = 16 + -11. Suppose 0 = 3*u - 3, 0*z - 2*z + b*u + 29 = 0. Suppose 2*j - 203 = z. What are the prime factors of j?
2, 5, 11
Suppose 0 = 7*w - 4*w + 4*m - 39042, 3*m = w - 13014. List the prime factors of w.
2, 3, 241
Let h(f) be the first derivative of 52*f**3/3 + 3*f**2/2 - 4*f - 16. Let c be h(2). Suppose -6*b = b - c. List the prime factors of b.
2, 3, 5
Let m = -44962 + 63934. What are the prime factors of 9 - m/(-30) - 2/5?
641
Let o be (-4)/(-4)*(2 + -1). Let d(l) = -2*l. Let i(a) = 27*a - 32. Let j(r) = o*i(r) - 3*d(r). What are the prime factors of j(8)?
2, 29
Suppose -2*g = g - 6. List the prime factors of (-16)/(-1) - (-3 - -4)*g.
2, 7
Let y(l) = 353*l**2 - 202*l - 1215. What are the prime factors of y(-6)?
3, 5, 7, 11
Let w(g) = g**3 + 12*g**2 + 17*g - 44. Let f be w(-10). List the prime factors of 6/f - (-16360)/35.
467
Suppose 126 = 4*x - 882. What are the prime factors of x*((-88)/(-24) + 1)?
2, 3, 7
Suppose -5*x - 25 = 0, 10 = -v + 4*v - 2*x. Suppose v = -4*c - y + 2959, -10*c + 8*c = 4*y - 1476. List the prime factors of c.
2, 5, 37
Let h(u) = 42*u**3 + 5*u**2 + 2*u - 1. Let s be h(1). Let y(j) = 3*j**2 - 2*j + 5. Let x be y(6). Let r = x - s. What are the prime factors of r?
53
Let q(d) be the second derivative of d**5/20 - 13*d**4/12 + 4*d**3/3 + 32*d**2 - 30*d. Let p be q(12). Suppose p*s = -3*s + 5491. List the prime factors of s.
17
Suppose 2*r - 2*k = 89618, 16 = -105*k + 109*k. List the prime factors of r.
41, 1093
Suppose -20*q = -58 - 302. What are the prime factors of (-82042)/(-119) + (q/(-14))/3?
13, 53
Suppose 4*l = -o + 3, -2*o - l - 6 = 3*l. What are the prime factors of 3*(o/6)/((-18)/200)?
2, 5
Let z(r) = 12 - r**2 - 2 - 2*r + 5*r. Let g be z(5). Suppose -6*a + 7*a - 189 = g. What are the prime factors of a?
3, 7
Let x = 19 - 20. Let y be x/(-2 - (-14)/8). Suppose -y*h + 35 = d, 4*d + 3*h + 0*h - 127 = 0. What are the prime factors of d?
31
Let c be (360/(-50) - -6)*2480/(-6). Let v = -269 + c. What are the prime factors of v?
227
Let n(k) = 45*k**3 + k**2 - 8*k + 27. What are the prime factors of n(5)?
3, 1879
Suppose -2409*k = -2406*k - 4512. Let p = k + -442. What are the prime factors of p?
2, 3, 59
Suppose 35*a + 31*a - 2624292 = -132*a. List the prime factors of a.
2, 3, 47
Let f(b) = b**3 + b**2 + 3*b + 9. Let g be f(0). Let w(o) be the second derivative of 5*o**3/3 - 5*o**2/2 + 9*o. What are the prime factors of w(g)?
5, 17
Let o(i) = 4*i**2 + 30*i + 11. Let k be o(12). Suppose y - q = 325, 3*y + 5*q = q + k. List the prime factors of y.
3, 107
Suppose -2*s - 8901 = -y + 10835, 0 = -2*y - 3*s + 39507. List the prime factors of y.
2, 3, 1097
Suppose 5*f - 25*f = -60. What are the prime factors of -6 - (318 - f)/(-3)?
3, 11
Suppose 3443*z - 3440*z - 2377 = 30614. What are the prime factors of z?
7, 1571
Let c = -71 + 74. Suppose -c*a + 6*a = 2*n - 10, -n = 2*a - 5. List the prime factors of n.
5
Suppose 5*l = 2*y + 14935, 0 = -5*l - 5*y + 9012 + 5888. Suppose 5*k - l = -420. What are the prime factors of k?
3, 19
Suppose -n + 16*n - 44745 = 0. Let o = n - 1462. What are the prime factors of o?
3, 13
Let u(i) = 185*i**2 + 68*i - 84. What are the prime factors of u(5)?
3, 1627
What are the prime factors of (11/(528/353004))/(4/16)?
23, 1279
Let w = 3 + -43. Suppose -27*h + 1870 = -1370. Let r = w + h. List the prime factors of r.
2, 5
List the prime factors of (-14 - -18)/(((-8)/(-9620))/2).
2, 5, 13, 37
Let h(g) = g**3 - 10*g**2 + 17*g - 4. Let u be h(8). List the prime factors of 88/24 + u/12.
2
Let g(a) = a**2 + 8*a + 5. Suppose 0 = -5*r + 4*l - 10 - 61, -57 = 4*r - 3*l. Let y be g(r). Let s = 264 - y. List the prime factors of s.
2, 7, 11
Let v(g) = 216*g + 221*g - 108 - 447*g. List the prime factors of v(-17).
2, 31
Suppose -71 = -f - 49. Let s = -88 + f. Let b = s - -251. List the prime factors of b.
5, 37
List the prime factors of 590176/88*(-616)/(-112).
2, 18443
Suppose 0 = -3*b - 1 + 10, -4*y = 3*b - 69. Let p = y + -13. List the prime factors of ((-118)/(-10))/(p/10).
59
Suppose -7*m = -2*m - 4*w - 155193, 5*m + 5*w = 155265. What are the prime factors of m?
5, 7, 887
Let h(p) = p**3 - 9*p**2 + 7*p - 9. Let n be h(8). Let y = 13 + n. List the prime factors of (-434)/y + 6/4 + -2.
2, 3
Suppose 3*k = 111*m - 113*m + 867, -2*m + 857 = 5*k. What are the prime factors of m?
3, 7
Suppose 17*u - 85682 = -5*q + 14*u, 51402 = 3*q + 3*u. List the prime factors of q.
2, 5, 857
Suppose -2*b + 7*b = 3*l + 193, -4*b + 176 = 3*l. Suppose 5*m = b + 79. Let y = 7 + m. List the prime factors of y.
31
Let u(t) = -16*t**2 - 69*t - 32. Let z(j) = 2*j**2 + 1. Let i(l) = -u(l) - 2*z(l). List the prime factors of i(-10).
2, 3, 5
Let y be 0*(0 + 1/(-4)). Suppose y = 22*p - 684 - 790. List the prime factors of p.
67
Suppose 0 = -91*n + 93*n - 126. Suppose j = -0*f + f - n, 0 = 4*f + 4*j - 268. Let s = 79 - f. List the prime factors of s.
2, 7
Let u(c) = 1190*c - 3648. What are the prime factors of u(17)?
2, 8291
Let w(l) = -l + 4. Let j be w(4). Let t be (-1)/(-6)*-3*j. What are the prime factors of (t + 3)/6*14?
7
Let f = -28094 - -57863. List the prime factors of f.
3, 9923
Let x = -38 - -31. Let l be 376/1 - x/(-7). Suppose 0*j + 5*j = l. List the prime factors of j.
3, 5
Let m be (-45)/(-3) - (-3 + 0/3). Suppose t - m*t + 1598 = 0. List the prime factors of t.
2, 47
Let s(i) = -238*i - 91. Let v be s(-8). Let h = v - 956. What are the prime factors of h?
857
Suppose -210630 = -80*b + 188810. What are the prime factors of b?
4993
What are the prime factors of (-180)/252 + ((-34288)/112)/((-1)/12)?
3673
Let b(s) = 5*s**2 + 9*s + 12. Let x be b(-2). Suppose -x*w + 9*w + 1090 = 0. List the prime factors of w.
2, 109
Suppose -34*h + 21*h - 26 = 0. List the prime factors of h/5 - ((-5316)/15 + 5).
349
Suppose -5*o = -2*u - 21, 3*u - 8*u = -o - 5. What are the prime factors of 86 - (2/(-2) + -1)*u?
2, 3, 5
Suppose i = 86 + 63. Suppose -6*t = i - 977. Suppose t = 7*l - 72. List the prime factors of l.
2, 3, 5
Let t be ((-4)/5)/(2/(-5)). Let n be 207 - (-3)/3*1. Suppose t*c - n = -0*c. What are the prime factors of c?
2, 13
Suppose 2*m = -5*d + 23832, -4*m + 47712 = -0*d - 2*d. List the prime factors of 4/(-6) - m/(-267).
2, 11
Let n(b) = -b**3 + 25*b**2 - 26*b + 53. Let x be n(24). Suppose -3*i - 683 = -x*r, -24*i + 22*i = -8. List the prime factors of r.
139
Let h = 12449 + -2960. What are the prime factors of h?
3, 3163
Let z(h) be the third derivative of 7*h**6/120 - h**5/20 + h**4/12 - h**3/3 + h**2 + 7*h. List the prime factors of z(2).
2, 23
Let h(d) = 9*d - 126. Let y be h(9). What are the prime factors of (1 - 262)/(y/(-36) - 2)?
2, 3, 29
Let p be (-1134)/12*(-180)/7. Suppose 31*y - p = 21*y. List the prime factors of y.
3
Suppose 32*m = 78*m - 281566. What are the prime factors of m?
6121
Let w(b) = -11*b - 648. Let p be w(-60). Let v = 20 - 9. Let f = v + p. List the prime factors of f.
23
Let k = -19 + -12. Let t = k - -34. Suppose t*l - 4*l + 2 = 0. What are the prime factors of l?
2
Let c be -1*(-4 + 6 - 2). Suppose -4*x + 2*o + 46 - 186 = c, 5*o - 170 = 5*x. List the prime factors of x/(-1) - (6 + -3 + -4).
37
Let k(a) = a**3 - 17*a**2 + 18*a - 2. Let f be k(16). Suppose 34*r - 8 = f*r. Suppose -r*b - 705 = -7*b. List the prime factors of b.
3, 47
Let v(m) = 61*m**3 - 13*m**2 - 37*m + 226. What are the prime factors of v(10)?
2, 3, 7, 709
Suppose 19*k + 9747 = 24*k + j, -4*j = -8. Let g = k - 1072. List the prime factors of g.
877
Let c = 1565 + 2913. What ar